 3 - (-5 + -10 - -1 - -8).
16
What is 1 + -31 + 14 + 6?
-10
Evaluate -15 - (-12 + 25) - -24.
-4
What is (-1 - 10) + (-10 - -16) - -9?
4
Evaluate -7 + 7 + -15 + -2.
-17
Evaluate -25 + 0 - (-120 + 108).
-13
(-8 + -15 + 5 - -10 - 13) + -2
-23
What is 2 + 16 + (8 - 20) - (-5 - 3)?
14
Evaluate (-10 - -6 - -3 - 7 - 1) + 1.
-8
Evaluate 16 - (13 - -9) - -2.
-4
-30 + -3 + 54 + 3
24
Evaluate 5 + (25 - 50) - -13.
-7
What is -4 - ((22 - 10) + -6)?
-10
13 - -2 - (-3 + (-9 - -6 - 1))
22
What is -26 + (0 - -2 - -16)?
-8
Calculate -4 - (-10 - (9 + -21)) - (4 + -41).
31
Evaluate 0 + 11 + -24 + (21 - -8).
16
What is (-21 + 36 - -9) + -11 + 1?
14
Calculate (-1 - (0 + -17)) + -19.
-3
(2670 - 2697) + -5 + 1 + -1
-32
Evaluate -1 + 5 + -60 + 54 + -1 + 1.
-2
Evaluate 4 - ((-3 - -2 - 27) + (3 - -1)).
28
Calculate 10 + 2 + -1 - (153 - 143) - 24.
-23
What is the value of 39 + -32 + -14 + 1 + 22?
16
What is the value of (4 - -4) + (17 - (9 - 0))?
16
Calculate -5 - (12 + (-8 - 6)).
-3
What is -2 - (1 + (7 + -13 + 7 - 7))?
3
Evaluate 1 + (-32 + 8 - -15).
-8
What is (-8 - 7 - -15) + 7 - 37?
-30
Calculate (-10 - (0 - 0) - -15 - 8) + -27.
-30
Calculate 6 - (6 + -3 + 6).
-3
What is the value of (3 - 3) + 5 + (9 - 16) + 3?
1
What is (1 - -5 - (-18 - (-27 - -13))) + -1?
9
Evaluate (-93 - -63) + (26 - 0).
-4
Calculate 2 + -3 + (-2 - -6) + 0.
3
What is the value of -6 + (-5 - -6) + (1 + 1 - -5)?
2
Calculate 5 + (55 - 47) + 1 + (0 - -1).
15
Calculate (-25 - -11) + 9 + 2.
-3
What is 7 + -22 + (7 - (4 + -1 + 2))?
-13
Calculate -4 + -4 - (-20 - -18).
-6
What is the value of -10 - (-13 - -1) - (7 + 2) - 0?
-7
What is the value of 11 + -34 - -13 - -1?
-9
What is 5 - (2 - -25) - (4 - (10 + -3))?
-19
Calculate 69 - 60 - (2 + -11 - (-2 + 2)).
18
What is 6 - (-6 + -3 + (2 - -1) + 9)?
3
Evaluate (4 - 1 - -1) + (19 - (-7 - -10)).
20
What is the value of 6 + (-9 - (-15 - -17))?
-5
(8 - 1) + 63 + -82
-12
What is 0 + 15 - (13 + -2 + -4 + -8)?
16
Calculate -21 + -1 - -12 - 2 - (-7 - -1).
-6
What is 12 - 14 - -11 - 13?
-4
Evaluate -10 + 22 + -7 + 9.
14
What is the value of (-4 - -1) + (-7 - (0 + -4)) + -24?
-30
What is the value of -4 - 7 - (63 - 106)?
32
What is the value of 0 + 0 - (-566 + 558)?
8
Evaluate 5 - (-30 - -16) - 39.
-20
What is the value of 12 + 4 + -21 + -6?
-11
Evaluate -3 + 49 + 102 + -127.
21
Calculate 4 - (-12 - 13 - -17).
12
What is (45 - 50) + -1 + (0 - -2) + 2?
-2
What is 13 - 0 - (-24 - -38)?
-1
Evaluate 20 + 1 + 18 + -7 + -9.
23
What is (-38 - -20) + 3 + -5?
-20
-12 - -19 - 64 - -36
-21
Evaluate (1 - 14) + (-11 - -16) + 1 + 1.
-6
997 + -988 - (-2 + 4 + 5)
2
Calculate -81 + 47 + 9 + 2 - -4.
-19
Calculate 145 + -158 + (-2 - 0) + 2.
-13
7 - 0 - (9 - 1 - 1)
0
Calculate -81 - -39 - (24 + -31).
-35
What is the value of 8 - (-7 + (-2 - (-8 - 1)))?
8
0 - 0 - (0 - -2) - 1 - -1
-2
What is (7 + -5 - -8) + -6 + 16 + -7?
13
What is (-36 - (-87 + 49)) + -12 + (0 - 1)?
-11
Evaluate (1 + -8 - (-48 - -40)) + 4.
5
What is (2 - 7 - -7 - 5) + 9 + 4?
10
Evaluate -1 + (-3 - -2) - (-19 - (-9 + -8)).
0
-9 - (7 + -12 + -3)
-1
What is the value of 17 - (17 + -12) - 18?
-6
What is 13 - (59 - 35 - 21)?
10
-11 - (-14 + 0 + 1)
2
What is the value of -1 - -6 - (-10 + 14 + 7)?
-6
Calculate 24 + 13 + (-6 - 25).
6
What is the value of 7 + 1 - ((-12 - (-39 - -15)) + -15)?
11
What is the value of 60 + -54 + (1 - (3 - 5 - -1))?
8
Calculate (-4 - 2 - -5) + (4 - (-1 + 6)).
-2
What is -15 - (4 + -2 + (7 - 15))?
-9
What is 23 + (11 - 4) + -49?
-19
Calculate 14 + 20 + (-26 - 29).
-21
Calculate -353 - -338 - (0 - -2 - 19).
2
What is 3 + 0 + 1 + (-5 - 2) - 8?
-11
-11 + -2 + 4 - (-12 - -12)
-9
What is (248 - 228) + (-1 - 9 - (4 - 6))?
12
Calculate 1 - (7 - -1 - (3 + 2)).
-2
What is the value of -2 + -5 - (-48 - -41)?
0
What is 14 + -1 - (-34 + 33)?
14
What is 3 - (2 + 0) - (-40 - -41) - -6?
6
Evaluate 12 + 10 + -4 + 51 + -57.
12
Evaluate (-4 + 32 - 54) + 27.
1
What is 35 + -52 + 30 - -7?
20
Calculate (0 + -1 - -8) + 1249 + -1242.
14
Calculate 57 + -67 - (5 + -2 + 1).
-14
What is 4 - -27 - 34 - (-1 + -3)?
1
Calculate 9 + (-77 + 51 - (0 + -11)).
-6
What is -3 - ((-14 - 5) + 13)?
3
What is -12 + (3 - -28) + 8 + 2?
29
What is the value of 12 + 7 - (8 - (-4 - -3))?
10
What is the value of (7 - 11) + 21 + -31?
-14
Evaluate 2594 + -2582 + (-1 - 6 - -1).
6
What is the value of -15 - (7 - 17) - 16?
-21
Evaluate 4 + 0 + 19 + -6 + (-10 - -2).
9
-9 + 19 + (11 - (-9 - -5))
25
Calculate 0 - ((5 - (-8 - -7)) + (-3 - -2)).
-5
What is the value of 24 - 14 - (-8 - ((27 - 6) + -5))?
34
Evaluate (-3 - 2 - -20) + -38.
-23
-10 + (168 + -157 - (-1 - 8))
10
-44 + (10 - -11) + 49
26
What is (34 - 16 - 10) + -1 + 8 + 3?
18
Calculate 4 - (-14 + 6) - (5 - -56) - -12.
-37
Evaluate 38 + 0 + (176 - 209).
5
32 - (27 + -16 + 22)
-1
Evaluate 1 + (-22 - (-20 + -4)).
3
-3 + -16 + (30 - 23) - -12
0
Calculate 2 + (-2 - 7) + (2 - (5 - 1)).
-9
Calculate 44 + (21 - (26 + 22)).
17
(2 - 10) + (-13 - -18)
-3
34 + (2 - 1 - -4 - (-4 - -12))
31
-36 + -47 + 80 + -37
-40
What is -21 + (-22 - -86) + -18?
25
Evaluate (155 - 140) + (-3 - -5) + -1 + -9.
7
What is the value of 1 - -5 - (1 + 8) - (11 + -1)?
-13
Evaluate 6 + (-11 - 2) + 13.
6
Evaluate (2 - (-10 + 9 - 7)) + -7 + -23.
-20
5 + (-8 - 6) + (70 - 37)
24
Evaluate -1 - -1 - (-69 + 65).
4
What is 104 - 99 - (-1 + -9)?
15
What is the value of 6 - (-8 + (21 - 10) - -12)?
-9
Evaluate 2 + 6 + (-22 - -16) - (-1 - 20).
23
-45 + 2 + (-10 - -32)
-21
What is the value of -6 + -10 + 2 + -1 + (33 - 37)?
-19
(1 + -8 - -16 - (-8 + 11)) + -4
2
What is the value of 2 + (0 - (14 - 10))?
-2
What is the value of (4 - -3) + -49 + 60?
18
What is 8 + -15 + (-1 + -6 - -7 - -7)?
0
What is the value of (8 - ((8 + -2 - 1) + -5)) + -3?
5
Calculate 10 - (14 + (21 - 15)).
-10
Calculate (-5 + (-14 - -2) - 2) + -9.
-28
What is 2 + -4 - ((25 - 11) + -12)?
-4
Evaluate (4 - (4 - -7)) + (1 - -15).
9
Evaluate (3 - (14 - 16)) + (-3 - 0 - -2).
4
-10 + (2 + 11 - -1)
4
What is the value of (-12 - 1) + (-30 - (-9 - 29))?
-5
Calculate -8 + (8 - 24) - -2.
-22
What is 19 - (-4 + (10 - 3 - -3))?
13
Calculate -71 + 54 - (-5 - (-1 + 1)).
-12
-3 - -28 - (-130 - -164)
-9
What is the value of 25 + -19 + (-14 + -3 - -8)?
-3
Calculate -57 + 47 + -1 + 1 + 5 - -16.
11
What is the value of 62 + -57 + 9 + -5?
9
Calculate 1 + 24 + (-174 - -134).
-15
-34 + -1 + (79 - 55)
-11
Calculate -1 - (47 + -3) - (37 + 11 + -54).
-39
-4 + -3 + 5 - (-3 + -5 + 3)
3
What is the value of -16 + 0 + 13 - -1 - -13?
11
Evaluate -18 + (-7 - -5) - -11.
-9
Calculate 3 - (7 + 3 - (0 - -14)).
7
Evaluate -320 + 339 + 2 + (-7 - 2).
12
Calculate -5 + (2 - 3) + -6 + 24 + 4.
16
What is the value of -12 - (-6 - (-1 + 1) - (406 - 412))?
-12
What is -4 + (-5 - 6) + 9 + (0 - 0)?
-6
240 - 273 - (1 + -24)
-10
Calculate -15 + (4 - ((-4 - 10) + 8 - -2)).
-7
What is (-8 - (-11 + 14)) + 13?
2
Calculate -26 - (-6 - (7 - (4 - -10))).
-27
Calculate 4 - (8 - 10) - 5.
1
What is the value of (-1 - 0) + (-1 - 8)?
-10
What is -29 - -43 - (30 - 29)?
13
What is -12 - 1 - (-363 - -379)?
-29
(-1 - (9 + -28)) + -29
-11
What is the value of -13 + (16 + -2 - (72 - 71))?
0
What is 63 + -78 - (-32 + 3)?
14
What is the value of 29 - ((10 - (3 - 1)) + (-118 - -116))?
23
Evaluate 2 - (18 + 17 + -14).
-19
What is the value of -8 - (7 + (13 + -5 - 17))?
-6
What is (-12 - 6) + 8 + 7?
-3
Calculate -5 + 5 - 9 - -1.
-8
Calculate -7 + 0 + 3 + -8 + 7.
-5
What is the value of -41 - -38 - (-2 - -4)?
-5
What is the value of (6 - (-2 + -12 + 7)) + -12?
1
Evaluate 1 + 3 + -8 + -2 - (2 + -20).
12
What is -5 - (7 - (14 + -14 + 6))?
-6
What is -5 - 1 - (27 + -5 + -7 - 29)?
8
Calculate 19 - (-8 + (8 - -33)).
-14
Evaluate 12 + (-23 - -10) - -5.
4
What is the value of 1 + (9 - -3 - (-1 - 4)) - 8?
10
Calculate (-2 - -4) + 5 + 0 - (-87 + 74).
20
What is 10 - (-13 + 20) - -8?
11
-14 + (8 - (5 - -2) - -8)
-5
Evaluate 2 + 1 + (-1 - -1) + 98 + -99.
2
Calculate -9 + (13 - 6) - (3 + 3) - -19.
11
Evaluate (-1 - 31) + (2 - (-3 + -2)).
-25
Evaluate -7 - (5 + 0 + -10 + 5).
-7
Evaluate 16 + 2 + -7 + -46 + 40.
5
What is the value of -4 + -10 + (-5 - -7)?
-12
What is 18 + -23 + -3 + -5 + 15?
2
What is the value of -1 + 0 - (-1 - (-4 - -10))?
6
Calculate (-182 - -188) + 1 + 3 + -14.
-4
Evaluate -22 + 8 - -20 - 12.
-6
Evaluate 0 + 0 - (-20 - (-23 + -13)).
-16
